{"id":5127,"date":"2026-02-06T11:33:59","date_gmt":"2026-02-06T11:33:59","guid":{"rendered":"https:\/\/felisya.store\/?post_type=product&#038;p=5127"},"modified":"2026-03-06T11:31:41","modified_gmt":"2026-03-06T11:31:41","slug":"orenda-jewelry-bileklik","status":"publish","type":"product","link":"https:\/\/felisya.store\/index.php\/urun\/orenda-jewelry-bileklik\/","title":{"rendered":"Orenda Jewelry Bileklik"},"content":{"rendered":"<p>Orenda\u2019n\u0131n yeni bilekli\u011fi; do\u011fal agat ta\u015f\u0131, ger\u00e7ek deri, canl\u0131 kum boncuklar ve g\u00fc\u00e7l\u00fc alt\u0131n formuyla!<\/p>\n","protected":false},"excerpt":{"rendered":"<p>Orenda\u2019n\u0131n yeni bilekli\u011fi; do\u011fal agat ta\u015f\u0131, ger\u00e7ek deri, canl\u0131 kum boncuklar ve g\u00fc\u00e7l\u00fc alt\u0131n formuyla!<\/p>\n","protected":false},"featured_media":5129,"comment_status":"open","ping_status":"closed","template":"","meta":{"_kad_post_transparent":"default","_kad_post_title":"","_kad_post_layout":"default","_kad_post_sidebar_id":"","_kad_post_content_style":"default","_kad_post_vertical_padding":"default","_kad_post_feature":"","_kad_post_feature_position":"","_kad_post_header":false,"_kad_post_footer":false},"product_brand":[],"product_cat":[163,73,79,15],"product_tag":[],"class_list":{"0":"post-5127","1":"product","2":"type-product","3":"status-publish","4":"has-post-thumbnail","6":"product_cat-orenda-jewelry","7":"product_cat-aksesuar","8":"product_cat-taki-aksesuar","9":"product_cat-tum-urunler","11":"first","12":"instock","13":"shipping-taxable","14":"purchasable","15":"product-type-variable","16":"has-default-attributes","17":"entry","18":"content-bg","19":"loop-entry"},"jetpack_sharing_enabled":true,"_links":{"self":[{"href":"https:\/\/felisya.store\/index.php\/wp-json\/wp\/v2\/product\/5127","targetHints":{"allow":["GET"]}}],"collection":[{"href":"https:\/\/felisya.store\/index.php\/wp-json\/wp\/v2\/product"}],"about":[{"href":"https:\/\/felisya.store\/index.php\/wp-json\/wp\/v2\/types\/product"}],"replies":[{"embeddable":true,"href":"https:\/\/felisya.store\/index.php\/wp-json\/wp\/v2\/comments?post=5127"}],"wp:featuredmedia":[{"embeddable":true,"href":"https:\/\/felisya.store\/index.php\/wp-json\/wp\/v2\/media\/5129"}],"wp:attachment":[{"href":"https:\/\/felisya.store\/index.php\/wp-json\/wp\/v2\/media?parent=5127"}],"wp:term":[{"taxonomy":"product_brand","embeddable":true,"href":"https:\/\/felisya.store\/index.php\/wp-json\/wp\/v2\/product_brand?post=5127"},{"taxonomy":"product_cat","embeddable":true,"href":"https:\/\/felisya.store\/index.php\/wp-json\/wp\/v2\/product_cat?post=5127"},{"taxonomy":"product_tag","embeddable":true,"href":"https:\/\/felisya.store\/index.php\/wp-json\/wp\/v2\/product_tag?post=5127"}],"curies":[{"name":"wp","href":"https:\/\/api.w.org\/{rel}","templated":true}]}}