{"id":3998,"date":"2025-11-27T13:47:31","date_gmt":"2025-11-27T13:47:31","guid":{"rendered":"https:\/\/felisya.store\/?post_type=product&#038;p=3998"},"modified":"2026-04-17T15:08:53","modified_gmt":"2026-04-17T15:08:53","slug":"sparkly-mini-abiye","status":"publish","type":"product","link":"https:\/\/felisya.store\/index.php\/urun\/sparkly-mini-abiye\/","title":{"rendered":"Sparkly Mini Abiye"},"content":{"rendered":"<p>Payetli Straplez Mini Abiye<\/p>\n<ul>\n<li>manken 165cm, 55kg, \u00e7ekimde 36 beden kullan\u0131lm\u0131\u015ft\u0131r<\/li>\n<li>esnek payetli kuma\u015f<\/li>\n<li>degaje yaka<\/li>\n<li><span style=\"font-family: var(--global-body-font-family);\">fermuarl\u0131 <\/span><\/li>\n<li><span style=\"font-family: var(--global-body-font-family);\">g\u00f6\u011f\u00fcs gloplu<\/span><\/li>\n<\/ul>\n","protected":false},"excerpt":{"rendered":"<p>Payetli Straplez Mini Abiye manken 165cm, 55kg, \u00e7ekimde 36 beden kullan\u0131lm\u0131\u015ft\u0131r esnek payetli kuma\u015f degaje yaka fermuarl\u0131 g\u00f6\u011f\u00fcs gloplu<\/p>\n","protected":false},"featured_media":4002,"comment_status":"open","ping_status":"closed","template":"","meta":{"_kad_post_transparent":"default","_kad_post_title":"","_kad_post_layout":"default","_kad_post_sidebar_id":"","_kad_post_content_style":"default","_kad_post_vertical_padding":"default","_kad_post_feature":"","_kad_post_feature_position":"","_kad_post_header":false,"_kad_post_footer":false},"product_brand":[],"product_cat":[126,64,76,15],"product_tag":[],"class_list":{"0":"post-3998","1":"product","2":"type-product","3":"status-publish","4":"has-post-thumbnail","6":"product_cat-parti-koleksiyonu","7":"product_cat-abiye","8":"product_cat-kisa-abiye","9":"product_cat-tum-urunler","10":"pa_beden-107","11":"pa_beden-108","12":"pa_beden-109","14":"first","15":"instock","16":"shipping-taxable","17":"purchasable","18":"product-type-variable","19":"has-default-attributes","20":"entry","21":"content-bg","22":"loop-entry"},"jetpack_sharing_enabled":true,"_links":{"self":[{"href":"https:\/\/felisya.store\/index.php\/wp-json\/wp\/v2\/product\/3998","targetHints":{"allow":["GET"]}}],"collection":[{"href":"https:\/\/felisya.store\/index.php\/wp-json\/wp\/v2\/product"}],"about":[{"href":"https:\/\/felisya.store\/index.php\/wp-json\/wp\/v2\/types\/product"}],"replies":[{"embeddable":true,"href":"https:\/\/felisya.store\/index.php\/wp-json\/wp\/v2\/comments?post=3998"}],"wp:featuredmedia":[{"embeddable":true,"href":"https:\/\/felisya.store\/index.php\/wp-json\/wp\/v2\/media\/4002"}],"wp:attachment":[{"href":"https:\/\/felisya.store\/index.php\/wp-json\/wp\/v2\/media?parent=3998"}],"wp:term":[{"taxonomy":"product_brand","embeddable":true,"href":"https:\/\/felisya.store\/index.php\/wp-json\/wp\/v2\/product_brand?post=3998"},{"taxonomy":"product_cat","embeddable":true,"href":"https:\/\/felisya.store\/index.php\/wp-json\/wp\/v2\/product_cat?post=3998"},{"taxonomy":"product_tag","embeddable":true,"href":"https:\/\/felisya.store\/index.php\/wp-json\/wp\/v2\/product_tag?post=3998"}],"curies":[{"name":"wp","href":"https:\/\/api.w.org\/{rel}","templated":true}]}}