{"id":3425,"date":"2025-11-24T08:46:49","date_gmt":"2025-11-24T08:46:49","guid":{"rendered":"https:\/\/felisya.store\/?post_type=product&#038;p=3425"},"modified":"2026-04-09T14:27:20","modified_gmt":"2026-04-09T14:27:20","slug":"vivian-kisa-abiye","status":"publish","type":"product","link":"https:\/\/felisya.store\/index.php\/urun\/vivian-kisa-abiye\/","title":{"rendered":"Vivian K\u0131sa Abiye"},"content":{"rendered":"<p>Kal\u0131n Ask\u0131l\u0131 Saten Elbise<\/p>\n<ul>\n<li>manken 165cm, 55kg, \u00e7ekimde 36 beden kullan\u0131lm\u0131\u015ft\u0131r<\/li>\n<li>kal\u0131n saten kuma\u015f<\/li>\n<li>belde drapeli ku\u015fak detay\u0131<\/li>\n<li>fermuar s\u0131rt<\/li>\n<li>g\u00f6\u011f\u00fcs gloplu<\/li>\n<\/ul>\n<p><img fetchpriority=\"high\" decoding=\"async\" class=\"alignnone size-medium wp-image-4948\" src=\"https:\/\/felisya.store\/wp-content\/uploads\/2026\/01\/32-1-300x300.jpg\" alt=\"\" width=\"300\" height=\"300\" srcset=\"https:\/\/felisya.store\/wp-content\/uploads\/2026\/01\/32-1-300x300.jpg 300w, https:\/\/felisya.store\/wp-content\/uploads\/2026\/01\/32-1-800x800.jpg 800w, https:\/\/felisya.store\/wp-content\/uploads\/2026\/01\/32-1-100x100.jpg 100w, https:\/\/felisya.store\/wp-content\/uploads\/2026\/01\/32-1-150x150.jpg 150w, https:\/\/felisya.store\/wp-content\/uploads\/2026\/01\/32-1-768x768.jpg 768w, https:\/\/felisya.store\/wp-content\/uploads\/2026\/01\/32-1-24x24.jpg 24w, https:\/\/felisya.store\/wp-content\/uploads\/2026\/01\/32-1-36x36.jpg 36w, https:\/\/felisya.store\/wp-content\/uploads\/2026\/01\/32-1-48x48.jpg 48w, https:\/\/felisya.store\/wp-content\/uploads\/2026\/01\/32-1-50x50.jpg 50w, https:\/\/felisya.store\/wp-content\/uploads\/2026\/01\/32-1.jpg 832w\" sizes=\"(max-width: 300px) 100vw, 300px\" \/> <img decoding=\"async\" class=\"alignnone size-medium wp-image-4949\" src=\"https:\/\/felisya.store\/wp-content\/uploads\/2026\/01\/33-1-300x300.jpg\" alt=\"\" width=\"300\" height=\"300\" srcset=\"https:\/\/felisya.store\/wp-content\/uploads\/2026\/01\/33-1-300x300.jpg 300w, https:\/\/felisya.store\/wp-content\/uploads\/2026\/01\/33-1-800x800.jpg 800w, https:\/\/felisya.store\/wp-content\/uploads\/2026\/01\/33-1-100x100.jpg 100w, https:\/\/felisya.store\/wp-content\/uploads\/2026\/01\/33-1-150x150.jpg 150w, https:\/\/felisya.store\/wp-content\/uploads\/2026\/01\/33-1-768x768.jpg 768w, https:\/\/felisya.store\/wp-content\/uploads\/2026\/01\/33-1-24x24.jpg 24w, https:\/\/felisya.store\/wp-content\/uploads\/2026\/01\/33-1-36x36.jpg 36w, https:\/\/felisya.store\/wp-content\/uploads\/2026\/01\/33-1-48x48.jpg 48w, https:\/\/felisya.store\/wp-content\/uploads\/2026\/01\/33-1-50x50.jpg 50w, https:\/\/felisya.store\/wp-content\/uploads\/2026\/01\/33-1.jpg 832w\" sizes=\"(max-width: 300px) 100vw, 300px\" \/> <img decoding=\"async\" class=\"alignnone size-medium wp-image-4950\" src=\"https:\/\/felisya.store\/wp-content\/uploads\/2026\/01\/34-1-300x300.jpg\" alt=\"\" width=\"300\" height=\"300\" srcset=\"https:\/\/felisya.store\/wp-content\/uploads\/2026\/01\/34-1-300x300.jpg 300w, https:\/\/felisya.store\/wp-content\/uploads\/2026\/01\/34-1-800x800.jpg 800w, https:\/\/felisya.store\/wp-content\/uploads\/2026\/01\/34-1-100x100.jpg 100w, https:\/\/felisya.store\/wp-content\/uploads\/2026\/01\/34-1-150x150.jpg 150w, https:\/\/felisya.store\/wp-content\/uploads\/2026\/01\/34-1-768x768.jpg 768w, https:\/\/felisya.store\/wp-content\/uploads\/2026\/01\/34-1-24x24.jpg 24w, https:\/\/felisya.store\/wp-content\/uploads\/2026\/01\/34-1-36x36.jpg 36w, https:\/\/felisya.store\/wp-content\/uploads\/2026\/01\/34-1-48x48.jpg 48w, https:\/\/felisya.store\/wp-content\/uploads\/2026\/01\/34-1-50x50.jpg 50w, https:\/\/felisya.store\/wp-content\/uploads\/2026\/01\/34-1.jpg 832w\" sizes=\"(max-width: 300px) 100vw, 300px\" \/><\/p>\n","protected":false},"excerpt":{"rendered":"<p>Kal\u0131n Ask\u0131l\u0131 Saten Elbise manken 165cm, 55kg, \u00e7ekimde 36 beden kullan\u0131lm\u0131\u015ft\u0131r kal\u0131n saten kuma\u015f belde drapeli ku\u015fak detay\u0131 fermuar s\u0131rt g\u00f6\u011f\u00fcs gloplu<\/p>\n","protected":false},"featured_media":3432,"comment_status":"open","ping_status":"closed","template":"","meta":{"_kad_post_transparent":"default","_kad_post_title":"","_kad_post_layout":"default","_kad_post_sidebar_id":"","_kad_post_content_style":"default","_kad_post_vertical_padding":"default","_kad_post_feature":"","_kad_post_feature_position":"","_kad_post_header":false,"_kad_post_footer":false},"product_brand":[],"product_cat":[123,125,64,76,15],"product_tag":[],"class_list":{"0":"post-3425","1":"product","2":"type-product","3":"status-publish","4":"has-post-thumbnail","6":"product_cat-koleksiyonlar","7":"product_cat-mezuniyet-koleksiyonu","8":"product_cat-abiye","9":"product_cat-kisa-abiye","10":"product_cat-tum-urunler","11":"pa_beden-107","12":"pa_beden-108","13":"pa_beden-109","15":"first","16":"instock","17":"shipping-taxable","18":"purchasable","19":"product-type-variable","20":"has-default-attributes","21":"entry","22":"content-bg","23":"loop-entry"},"jetpack_sharing_enabled":true,"_links":{"self":[{"href":"https:\/\/felisya.store\/index.php\/wp-json\/wp\/v2\/product\/3425","targetHints":{"allow":["GET"]}}],"collection":[{"href":"https:\/\/felisya.store\/index.php\/wp-json\/wp\/v2\/product"}],"about":[{"href":"https:\/\/felisya.store\/index.php\/wp-json\/wp\/v2\/types\/product"}],"replies":[{"embeddable":true,"href":"https:\/\/felisya.store\/index.php\/wp-json\/wp\/v2\/comments?post=3425"}],"wp:featuredmedia":[{"embeddable":true,"href":"https:\/\/felisya.store\/index.php\/wp-json\/wp\/v2\/media\/3432"}],"wp:attachment":[{"href":"https:\/\/felisya.store\/index.php\/wp-json\/wp\/v2\/media?parent=3425"}],"wp:term":[{"taxonomy":"product_brand","embeddable":true,"href":"https:\/\/felisya.store\/index.php\/wp-json\/wp\/v2\/product_brand?post=3425"},{"taxonomy":"product_cat","embeddable":true,"href":"https:\/\/felisya.store\/index.php\/wp-json\/wp\/v2\/product_cat?post=3425"},{"taxonomy":"product_tag","embeddable":true,"href":"https:\/\/felisya.store\/index.php\/wp-json\/wp\/v2\/product_tag?post=3425"}],"curies":[{"name":"wp","href":"https:\/\/api.w.org\/{rel}","templated":true}]}}