{"id":2757,"date":"2025-10-24T07:19:15","date_gmt":"2025-10-24T07:19:15","guid":{"rendered":"https:\/\/felisya.store\/?post_type=product&#038;p=2757"},"modified":"2026-04-09T13:53:00","modified_gmt":"2026-04-09T13:53:00","slug":"eve-kisa-abiye","status":"publish","type":"product","link":"https:\/\/felisya.store\/index.php\/urun\/eve-kisa-abiye\/","title":{"rendered":"Eve K\u0131sa Abiye"},"content":{"rendered":"<p>Parlak Kuma\u015f Balon Etekli K\u0131sa Abiye<\/p>\n<ul>\n<li>manken 165cm, 55kg, \u00e7ekimde 36 beden kullan\u0131lm\u0131\u015ft\u0131r<\/li>\n<li>kal\u0131n organze parlak kuma\u015f<\/li>\n<li>balon etekli<\/li>\n<li>\u00e7apraz s\u0131rt detay\u0131<\/li>\n<li>g\u00f6\u011f\u00fcs gloplu<\/li>\n<li>\u015feffaf ip ask\u0131lar mevcut<\/li>\n<\/ul>\n<p><img fetchpriority=\"high\" decoding=\"async\" class=\"alignnone size-medium wp-image-5024\" src=\"https:\/\/felisya.store\/wp-content\/uploads\/2025\/10\/4-300x300.png\" alt=\"\" width=\"300\" height=\"300\" srcset=\"https:\/\/felisya.store\/wp-content\/uploads\/2025\/10\/4-300x300.png 300w, https:\/\/felisya.store\/wp-content\/uploads\/2025\/10\/4-800x800.png 800w, https:\/\/felisya.store\/wp-content\/uploads\/2025\/10\/4-100x100.png 100w, https:\/\/felisya.store\/wp-content\/uploads\/2025\/10\/4-150x150.png 150w, https:\/\/felisya.store\/wp-content\/uploads\/2025\/10\/4-768x768.png 768w, https:\/\/felisya.store\/wp-content\/uploads\/2025\/10\/4-24x24.png 24w, https:\/\/felisya.store\/wp-content\/uploads\/2025\/10\/4-36x36.png 36w, https:\/\/felisya.store\/wp-content\/uploads\/2025\/10\/4-48x48.png 48w, https:\/\/felisya.store\/wp-content\/uploads\/2025\/10\/4-50x50.png 50w, https:\/\/felisya.store\/wp-content\/uploads\/2025\/10\/4.png 832w\" sizes=\"(max-width: 300px) 100vw, 300px\" \/> <img decoding=\"async\" class=\"alignnone size-medium wp-image-5025\" src=\"https:\/\/felisya.store\/wp-content\/uploads\/2025\/10\/5-300x300.png\" alt=\"\" width=\"300\" height=\"300\" srcset=\"https:\/\/felisya.store\/wp-content\/uploads\/2025\/10\/5-300x300.png 300w, https:\/\/felisya.store\/wp-content\/uploads\/2025\/10\/5-800x800.png 800w, https:\/\/felisya.store\/wp-content\/uploads\/2025\/10\/5-100x100.png 100w, https:\/\/felisya.store\/wp-content\/uploads\/2025\/10\/5-150x150.png 150w, https:\/\/felisya.store\/wp-content\/uploads\/2025\/10\/5-768x768.png 768w, https:\/\/felisya.store\/wp-content\/uploads\/2025\/10\/5-24x24.png 24w, https:\/\/felisya.store\/wp-content\/uploads\/2025\/10\/5-36x36.png 36w, https:\/\/felisya.store\/wp-content\/uploads\/2025\/10\/5-48x48.png 48w, https:\/\/felisya.store\/wp-content\/uploads\/2025\/10\/5-50x50.png 50w, https:\/\/felisya.store\/wp-content\/uploads\/2025\/10\/5.png 832w\" sizes=\"(max-width: 300px) 100vw, 300px\" \/> <img decoding=\"async\" class=\"alignnone size-medium wp-image-5026\" src=\"https:\/\/felisya.store\/wp-content\/uploads\/2025\/10\/6-300x300.png\" alt=\"\" width=\"300\" height=\"300\" srcset=\"https:\/\/felisya.store\/wp-content\/uploads\/2025\/10\/6-300x300.png 300w, https:\/\/felisya.store\/wp-content\/uploads\/2025\/10\/6-800x800.png 800w, https:\/\/felisya.store\/wp-content\/uploads\/2025\/10\/6-100x100.png 100w, https:\/\/felisya.store\/wp-content\/uploads\/2025\/10\/6-150x150.png 150w, https:\/\/felisya.store\/wp-content\/uploads\/2025\/10\/6-768x768.png 768w, https:\/\/felisya.store\/wp-content\/uploads\/2025\/10\/6-24x24.png 24w, https:\/\/felisya.store\/wp-content\/uploads\/2025\/10\/6-36x36.png 36w, https:\/\/felisya.store\/wp-content\/uploads\/2025\/10\/6-48x48.png 48w, https:\/\/felisya.store\/wp-content\/uploads\/2025\/10\/6-50x50.png 50w, https:\/\/felisya.store\/wp-content\/uploads\/2025\/10\/6.png 832w\" sizes=\"(max-width: 300px) 100vw, 300px\" \/> <img loading=\"lazy\" decoding=\"async\" class=\"alignnone size-medium wp-image-5027\" src=\"https:\/\/felisya.store\/wp-content\/uploads\/2025\/10\/7-300x300.png\" alt=\"\" width=\"300\" height=\"300\" srcset=\"https:\/\/felisya.store\/wp-content\/uploads\/2025\/10\/7-300x300.png 300w, https:\/\/felisya.store\/wp-content\/uploads\/2025\/10\/7-800x800.png 800w, https:\/\/felisya.store\/wp-content\/uploads\/2025\/10\/7-100x100.png 100w, https:\/\/felisya.store\/wp-content\/uploads\/2025\/10\/7-150x150.png 150w, https:\/\/felisya.store\/wp-content\/uploads\/2025\/10\/7-768x768.png 768w, https:\/\/felisya.store\/wp-content\/uploads\/2025\/10\/7-24x24.png 24w, https:\/\/felisya.store\/wp-content\/uploads\/2025\/10\/7-36x36.png 36w, https:\/\/felisya.store\/wp-content\/uploads\/2025\/10\/7-48x48.png 48w, https:\/\/felisya.store\/wp-content\/uploads\/2025\/10\/7-50x50.png 50w, https:\/\/felisya.store\/wp-content\/uploads\/2025\/10\/7.png 832w\" sizes=\"(max-width: 300px) 100vw, 300px\" \/><\/p>\n","protected":false},"excerpt":{"rendered":"<p>Parlak Kuma\u015f Balon Etekli K\u0131sa Abiye manken 165cm, 55kg, \u00e7ekimde 36 beden kullan\u0131lm\u0131\u015ft\u0131r kal\u0131n organze parlak kuma\u015f balon etekli \u00e7apraz s\u0131rt detay\u0131 g\u00f6\u011f\u00fcs gloplu \u015feffaf ip ask\u0131lar mevcut<\/p>\n","protected":false},"featured_media":2749,"comment_status":"open","ping_status":"closed","template":"","meta":{"_kad_post_transparent":"default","_kad_post_title":"","_kad_post_layout":"default","_kad_post_sidebar_id":"","_kad_post_content_style":"default","_kad_post_vertical_padding":"default","_kad_post_feature":"","_kad_post_feature_position":"","_kad_post_header":false,"_kad_post_footer":false},"product_brand":[],"product_cat":[125,124,64,76,15],"product_tag":[],"class_list":{"0":"post-2757","1":"product","2":"type-product","3":"status-publish","4":"has-post-thumbnail","6":"product_cat-mezuniyet-koleksiyonu","7":"product_cat-nikah-koleksiyonu","8":"product_cat-abiye","9":"product_cat-kisa-abiye","10":"product_cat-tum-urunler","11":"pa_beden-106","12":"pa_beden-107","13":"pa_beden-108","14":"pa_beden-109","16":"first","17":"instock","18":"shipping-taxable","19":"purchasable","20":"product-type-variable","21":"has-default-attributes","22":"entry","23":"content-bg","24":"loop-entry"},"jetpack_sharing_enabled":true,"_links":{"self":[{"href":"https:\/\/felisya.store\/index.php\/wp-json\/wp\/v2\/product\/2757","targetHints":{"allow":["GET"]}}],"collection":[{"href":"https:\/\/felisya.store\/index.php\/wp-json\/wp\/v2\/product"}],"about":[{"href":"https:\/\/felisya.store\/index.php\/wp-json\/wp\/v2\/types\/product"}],"replies":[{"embeddable":true,"href":"https:\/\/felisya.store\/index.php\/wp-json\/wp\/v2\/comments?post=2757"}],"wp:featuredmedia":[{"embeddable":true,"href":"https:\/\/felisya.store\/index.php\/wp-json\/wp\/v2\/media\/2749"}],"wp:attachment":[{"href":"https:\/\/felisya.store\/index.php\/wp-json\/wp\/v2\/media?parent=2757"}],"wp:term":[{"taxonomy":"product_brand","embeddable":true,"href":"https:\/\/felisya.store\/index.php\/wp-json\/wp\/v2\/product_brand?post=2757"},{"taxonomy":"product_cat","embeddable":true,"href":"https:\/\/felisya.store\/index.php\/wp-json\/wp\/v2\/product_cat?post=2757"},{"taxonomy":"product_tag","embeddable":true,"href":"https:\/\/felisya.store\/index.php\/wp-json\/wp\/v2\/product_tag?post=2757"}],"curies":[{"name":"wp","href":"https:\/\/api.w.org\/{rel}","templated":true}]}}